 y = 7*z - 12. Suppose 4*x + 20 = 0, 0 = 4*i - z*x - 1099 - 506. Is i prime?
False
Suppose 3*f + 74 = 3*x - 8*x, -3*f + 54 = -3*x. Let v = -22 - x. Is (7/(-2))/(3/v) composite?
False
Suppose 89*i - 66692 = 1087371. Is i a prime number?
True
Let x(q) = -q**3 - 2*q**2 + 4*q + 2. Let u be x(-3). Let v be 1665*u/3*-2. Suppose v = -2*f + 8*f. Is f prime?
False
Let j be -9*(-1 + 2)*-1. Let c = j - 9. Suppose p + 0*p - 86 = c. Is p composite?
True
Let m(r) = 38*r**2 - r. Let x be m(-1). Let z = 96 - x. Is z a prime number?
False
Suppose 2*g = -10, 4*l - 7*g - 33496 = -3*g. Is l prime?
True
Suppose -507*k = -520*k + 319709. Is k composite?
False
Suppose -267554 = -15*m + 77431. Is m a prime number?
False
Suppose -9*d - d = -40. Suppose 0*f + d*f = 5596. Is f prime?
True
Let r(g) = g**3 - 7*g**2 + 7*g + 1. Let v be r(6). Let x be (3 - v)/(-4)*1. Let s(f) = 38*f**2 - 3*f + 2. Is s(x) composite?
False
Let b(u) = u**3 + 6*u**2 + u - 8. Let r be b(-4). Let n(s) = s**2 + s + 5. Let o be n(5). Let z = o - r. Is z a composite number?
True
Let g = -2643 - -5078. Is g a prime number?
False
Suppose 5*f + 904 = 21569. Is f a composite number?
False
Let f(l) = 2*l**2 - 286*l**3 - l**2 + 3*l - 89 + 90 + 3*l. Is f(-2) prime?
True
Let i(p) be the third derivative of p**6/360 + p**5/60 + 23*p**4/24 + p**3/3 - 6*p**2. Let l(r) be the first derivative of i(r). Is l(0) prime?
True
Let x(i) = 25*i**2 - 56*i + 36. Is x(-21) prime?
False
Let m(d) = d**3 - 14*d**2 + d + 18. Let v be m(14). Let z = v - 25. Let u(q) = 23*q**2 + 7*q - 17. Is u(z) prime?
False
Let a = 2264 + -1269. Is a composite?
True
Let z(u) be the first derivative of -2*u**3 + 5*u**2/2 - 2*u + 7. Let i be z(5). Let t = 276 + i. Is t a composite number?
False
Is (-12286)/(-4*(-3)/(-6)) prime?
True
Let u(v) = v**2 - 2*v + 4. Let r be u(4). Is -10*142*(-3)/r prime?
False
Let o = -19359 + 44858. Is o a prime number?
False
Let b be (2/(-5))/2 + 20226/30. Let j = b - 345. Is j prime?
False
Suppose 29*m + 10588 = 31*m. Is m a prime number?
False
Let b be (-2)/(-5) + (-9288)/(-30). Let l = 478 - b. Let s = l - 71. Is s prime?
True
Let j = 47 - 20. Is 4/18 + 8067/j composite?
True
Let j(n) = -9*n**3 + 2*n**2 - 10*n - 7. Is j(-4) a composite number?
False
Let p = -52911 + 82227. Suppose 5*i = -7*i + p. Is i prime?
False
Let v(h) = 7*h**2 - 7*h + 1. Let c = 12 + -10. Let w = c - -4. Is v(w) a prime number?
True
Let n(f) = -f**2 + 11*f - 27. Let v be n(12). Is (-637839)/v + 4/26 a composite number?
True
Suppose -37*i = -35*i + 10, -5*i + 2992 = q. Is q prime?
False
Let m = -28 + 16. Let o be (1 + 21/m)*28. Is (-5235)/(-9) + 14/o prime?
False
Let s = -25 + 29. Suppose u - o + s*o = 7, 60 = 4*u - 4*o. Is u a prime number?
True
Let t(u) = 3*u**3 - 10*u**2 + 42*u - 34. Is t(15) prime?
False
Is (-1320324)/(-18) - (-5)/60*-4 a composite number?
False
Let r(z) = -365*z**2 + 4*z + 8. Let d(u) = -364*u**2 + 3*u + 7. Let b(l) = -5*d(l) + 4*r(l). Is b(2) composite?
False
Suppose -180 = -4*d + 316. Let r = -62 + d. Is r a composite number?
True
Suppose 4*d + 23439 = 5*x, -4*x + 7*x - 14057 = 4*d. Is x composite?
False
Suppose 0 = 4*t + 2*x + 2*x - 48, 0 = 3*t + 5*x - 28. Is (-1269)/(-2) - t/(-32) a composite number?
True
Let s(m) = 2*m - 1. Let u(r) = 1. Let p(f) = -s(f) - 2*u(f). Let n be p(-1). Is (-2)/n - (-83 - 2) prime?
True
Let c = 13669 - 4070. Is c prime?
False
Let t(a) = -57*a**3 - 24*a**2 - 13*a + 7. Is t(-4) a prime number?
True
Let w = 5941 - 4104. Is w prime?
False
Let d = -62 - -66. Let m(b) = 7*b**3 + 5*b**2 - 5*b + 7. Is m(d) a prime number?
False
Suppose 3*l + 5*x = 9599, l - 7*x + 12*x = 3193. Is l a prime number?
True
Let y = -2 + 4. Let f = 6 - 5. Is f/((4 - y)/70) a prime number?
False
Let n be (-1 - -36)*(-6)/(-75)*535. Suppose -p = 2*p + 3, -n = -k - 4*p. Is k composite?
True
Let s(o) = 0*o - 1 - 7*o + o**2 + 6*o**2. Is s(5) a prime number?
True
Suppose 13018 = 4*o - 3*k, k + 0*k = -4*o + 13010. Let u = o - 2174. Is u a composite number?
True
Suppose i + 3*i - 20 = 0. Suppose -4*v - f = -5, -8*f + 3*f + i = 0. Is 305/((-3)/(-4 + v)) composite?
True
Let c = 865 + 10654. Is c composite?
False
Let x(k) = -9*k**3 + k**2 + 2*k + 1. Suppose 3*u = -5 - 7. Let j be x(u). Let z = j - 316. Is z prime?
True
Let l(a) = -a**2 - 10*a - 10. Let c be l(-6). Let w = 89 + c. Is w prime?
True
Suppose 5*j - 4*u = -0*u + 80161, 48100 = 3*j + u. Is j composite?
False
Is (-1)/((-24)/9) - (-108842)/16 a composite number?
False
Suppose 7*s = -1598 + 85605. Is s composite?
True
Let v = 41846 - 19665. Is v prime?
False
Suppose -1 = -2*h + 5. Suppose 5*i = i + 3*d + 433, 0 = 2*i - h*d - 221. Suppose 0 = 2*u - i + 14. Is u a prime number?
False
Suppose 0 = -5*o + 2*r + 68765, -3*o + r + 5404 = -35854. Is o a composite number?
False
Is ((-19226)/(-6))/((-1)/15*-5) composite?
False
Suppose -2*f + 20 = -2*x, 2*x - 40 = 6*x + 2*f. Let m be 2 - (x + 4) - 2. Is m/(-2) + (95 - -5) a composite number?
False
Is (-3604)/((-8)/4) + -3 a composite number?
True
Let s(a) be the third derivative of -449*a**4/24 + 3*a**3/2 + 7*a**2. Is s(-2) a prime number?
True
Let l(s) be the second derivative of -s**6/20 + s**5/60 - s**4/8 - s**3/2 + 2*s**2 - s. Let q(v) be the first derivative of l(v). Is q(-2) composite?
True
Let i be ((-8 - -4) + 475)/(3/2). Let b = i - -333. Is b a prime number?
True
Let u be 2 + (1 - 1) + -1. Let t(d) = -68*d - 4. Let a(n) = -68*n - 5. Let s(w) = 3*a(w) - 4*t(w). Is s(u) prime?
False
Is 27/63 - 951250/(-35) prime?
True
Suppose j + 6 = -2*j, 4*s + 24 = -4*j. Let t = s + 35. Suppose -g + 60 + t = 0. Is g a composite number?
True
Let s(r) = -4*r + 247*r**2 + 281*r**2 - 5 + 2. Is s(-1) prime?
False
Let b = 14425 - 7622. Is b a composite number?
False
Let q(h) = 4*h**3 - h**2 + 35*h + 283. Is q(18) a prime number?
True
Suppose 8*m = 9*m - 2. Let s(l) = 5*l**2 + 0*l**m + 2 + 2 - 3 + 7*l. Is s(5) composite?
True
Suppose -2*w - 2*w = -8. Suppose -w*l = -l - 234. Let a = -107 + l. Is a a composite number?
False
Suppose 4*k = 9*t - 8*t + 29231, 36525 = 5*k - 4*t. Is k a composite number?
False
Is (-1 - 4366)*(-11 - 90/(-9)) composite?
True
Let k = 28 + -28. Is -2 + (-2 - -1) + 418 + k a composite number?
True
Is (3/4)/(420/16218160) prime?
True
Suppose 129 = 5*l - 131. Is 8059/7 - l/182 a composite number?
False
Let l(g) = -g**2 + g + 10. Let j be l(3). Let a(s) = 13 + 12*s**2 + j - 7 - s + 5*s**2 - s**3. Is a(13) composite?
False
Suppose -8*w - 1420 = -15636. Is w composite?
False
Suppose -50 = -6*k + 1096. Is k a composite number?
False
Suppose -5*c + g = -6*c + 9108, -c - 3*g = -9118. Is c a prime number?
True
Let w = 9638 + -3925. Is w a prime number?
False
Let b = -77973 - -200416. Is b a composite number?
False
Let i be (-2)/((4/(-12))/(14/12)). Suppose -7746 = -i*c - 179. Is c composite?
True
Let m(j) = 9*j - 11. Suppose 4*n = 2*s + 80, 5*s + 58 = 4*n - 10. Suppose -4*z + 42 = -h + 6*h, -3*h - 4*z = -n. Is m(h) prime?
True
Suppose 2*w - 3*l = -11, -4*l + 2*l = -10. Is -383*(-2)/w + -2 a composite number?
True
Let m = 5408 - 366. Is m composite?
True
Let v(x) = 41*x**2 + 8*x - 43. Is v(6) a prime number?
True
Let l = 450 + 15. Let j = 116 + l. Is j a composite number?
True
Suppose 4*u + 2866 = 13934. Is u a prime number?
True
Let p = -1 + 7. Let k(t) = 115*t**2 - 107*t**2 + t**3 - t + 0 + 6 + 1. Is k(p) a composite number?
True
Suppose 0 = -4*m + 4*r + 16, 11 = 2*m - r - 4*r. Suppose m*s - p = 779, -4*p - 1044 = -4*s - 0*p. Is s composite?
True
Suppose -2*k + 2*b + 3018 = 0, -1497 = -k - 13*b + 10*b. Let j = k - 617. Is j composite?
True
Let q be (-15)/(-10)*8/6. Let r be 6 + (-6 + q - -4). Is 5858/r - (-2)/3 composite?
False
Let t be -3*1 + 30/5. Suppose t*h - 2*h - 42 = -4*s, 4*h + 42 = 5*s. Is (s - 17)*(-1 + -16) composite?
True
Suppose 4 = -2*l - y, -3*l - y = 2*y + 9. Let z be (l/4)/(2/(-8)). Is (z - 2)*(-9 - 148) a prime number?
True
Let l = -618 - -949. Is l a prime number?
True
Let t = 381 + 114. Suppose -4*p = x - 89, 5*p + t = -2*x + 7*x. Let z = x + -46. Is z a prime number?
False
Suppose 2*h = 3*h - 2. Suppose -2*u + h = -u. Suppose 0 = 2*b + u*k - 20, -2*b - 3*k + 45 = -6*k. Is b a prime number?
False
Let p be 0 - 0 - 24/(-3). Let z = 12 - p. Suppose -z*m + 76 = -1512. Is m a composite number?
False
Suppose 2 = o +